, 0 = j*h - 3*b + 5*b - 140. What is the tens digit of h?
4
Suppose b + 5*y - 27 = 0, -b + 3*y - 1 + 4 = 0. Suppose 6*k - 10*k = -b. What is the units digit of k?
3
Suppose 2*k - 191 + 51 = 0. Suppose 0 = 2*z + 2*z - 4*t - 304, 0 = z + 5*t - k. Suppose -y + z = 5*i + 4*y, 3*y = i - 7. What is the tens digit of i?
1
Suppose -r = 5*c - 161, 5*r - 877 = -0*r - c. Suppose 0 = 3*q + 6, 2*k - q = r + 136. What is the tens digit of k?
5
Let y(r) = 3115*r - 101. What is the tens digit of y(1)?
1
Suppose 39 = 4*d - d. Suppose -j + 2 = -d. What is the tens digit of (-5)/j + 127/3?
4
Let k be -9 + 12 + -1 + 1. Let j be (k - 4/3)*27. Suppose -3*b - 2*q + j = -48, -5*b = 4*q - 155. What is the units digit of b?
1
Let v(o) = -3*o**2 - 29*o + 21. Let x(q) = -q**2 - 10*q + 7. Let j(y) = -6*v(y) + 17*x(y). Suppose -c - 28 = 3*c. What is the tens digit of j(c)?
1
Suppose -2*v + v + 35 = 2*a, 72 = 2*v + 3*a. What is the units digit of v?
9
Suppose s + 0*s = 3. Suppose -1 - s = -2*n. Suppose u + n*u - 51 = 0. What is the units digit of u?
7
Let y be 1/(-2) + (-3)/6. Let z be (-23)/2*(y + -3). Suppose 2*a - 2*b = 26, -2*b + 9 - z = -3*a. What is the tens digit of a?
1
Let a(g) = g**2 + 2*g + 5. Let l(m) = -m**2 - 6*m + 10. Let o be -11 + 1 + 4/2. Let x be l(o). What is the units digit of a(x)?
9
Suppose -5*t - 2*t + 2247 = 0. Suppose 3*z - t = 69. What is the tens digit of z?
3
Suppose 352 = 4*u - 0*u. Suppose 2*m - u = -2*m. What is the units digit of m?
2
Suppose -3*o + 0*o = -3*u + 24, -4*u = 2*o + 34. What is the units digit of (-2 - o) + (5 - 6)*-4?
3
Suppose q = -q + 6. Suppose -5*h - 5*p + 205 = -q*p, -3*h = -p - 123. What is the units digit of h?
1
Let t(j) = 2*j + 4. Let q be t(0). Suppose -n = -q*n - 144. Let s = -33 - n. What is the tens digit of s?
1
Let f = 3 - 3. Suppose 3*g + 1 - 13 = f. Suppose -84 = -4*j - g*q, -2*j + 45 = 7*q - 2*q. What is the units digit of j?
0
Let d = -22 + 24. Suppose 0 = -d*l + 4 - 2, 5*j = 2*l + 398. What is the tens digit of j?
8
Suppose 330*c = 334*c - 8628. What is the hundreds digit of c?
1
Let q be -688 + 4/(4/(-1)). What is the hundreds digit of q/(-5) - 3/(-15)?
1
Let x(k) = -k**3 + 16*k**2 + k - 16. Let o be x(16). What is the units digit of 69 - 3 - o/(-1)?
6
Suppose 0 = 3*s - 32 + 26. Suppose 3*o = -3*p + 471, p = s*o - 27 - 299. What is the units digit of o?
1
Suppose -4*m = -3*c + 1220, -4*m + 2*c = -8*m - 1200. Let h = m + 568. What is the tens digit of h?
6
Let s be (-2)/6 - (-14)/6. Suppose -4*x - 23 = -n, n + s*x + 2 = x. Suppose 5*k = 2*k - 3*o + 12, n*o - 14 = -4*k. What is the units digit of k?
2
What is the hundreds digit of (11 + -3)/(-2) - -270?
2
Let o(i) = -i**3 + 4*i**2 - 4*i + 1. Let m be o(3). What is the units digit of (17/(-2) + -2)*m?
1
Let z be 2/(-4) + 287/14. Suppose 3*u - 66 = -33. Suppose u*h - 6*h = z. What is the units digit of h?
4
Let l(w) be the second derivative of -w**5/60 + 17*w**4/24 - 4*w**3/3 - 2*w. Let p(i) be the second derivative of l(i). What is the units digit of p(-13)?
3
Let h be 47/2 + (-3)/6. Let a(s) = 5*s**2 + s - 3. Let p be a(1). Let i = h - p. What is the tens digit of i?
2
Let s(n) = 5*n + 4. Let l(k) = -k. Let y(c) = -4*l(c) - s(c). Let b be y(-12). What is the units digit of b/32 + (-23)/(-4)?
6
Let u be -2 + -51 - (-1 + 1 + 2). What is the units digit of 2/(-11) + (-2925)/u?
3
Let h be -1 + (7 - (1 - 0)). Suppose -h*j = -0*j - 20. Suppose j*f = -2*o + 44, -f - o + 13 = 3. What is the tens digit of f?
1
Let v(k) = 118*k**2 + k. Let t be v(-2). Let f = t + -335. What is the hundreds digit of f?
1
Let m = -13 + 11. What is the units digit of (-5 - -6 - -105)*(-2)/m?
6
What is the tens digit of (-3)/((0 - -1)/(45 + -412))?
0
Suppose 104*c - 858 = 91*c. What is the units digit of c?
6
Suppose -2*i - 3*i - 25 = 0. Let m(y) = -8*y + 8. What is the units digit of m(i)?
8
Let x be (-1 + -4)*(-2)/5. Suppose -f = -4*p + 2*f - 27, -x*f + 12 = -2*p. What is the units digit of (p/(-5))/((-3)/(-15))?
9
Let o(y) = y**2 + 11*y + 69. What is the tens digit of o(11)?
1
Suppose 65 = 4*t + 5*p, 5*p - 33 + 13 = -t. Let d be 6/(-9)*t/(-2). Suppose -2*k - d*a = 3*k - 55, 5*k - 4*a - 28 = 0. What is the units digit of k?
8
Let p be 10/(-35)*-7 + 12. Let o be (2 - 1)/(1/3). Let a = p - o. What is the tens digit of a?
1
Suppose 18*b = 19*b. Suppose -2*k + 52 - 4 = b. What is the tens digit of k?
2
Suppose -2*o + 267 = -5*o - 2*z, -3*o + 3*z - 252 = 0. Let g = -61 - o. What is the units digit of g?
6
Let l be ((-28)/8)/(2 + (-9)/6). What is the tens digit of (10/l)/(13/(-91))?
1
Let l(o) = -15*o - 21. Let c be l(-6). What is the tens digit of (c/(-6)*4)/(-2)?
2
Suppose -46*w + 56*w = 8590. What is the units digit of w?
9
Let g = -395 - -728. What is the units digit of g?
3
Suppose -2*o - 1655 = -5*j, 2*j - 4*j - 4*o = -638. What is the units digit of j?
9
Suppose -124*k + 129*k = 1755. What is the units digit of k?
1
Let i(k) = -9*k**2 + 3. Let p(f) = -f**2 - f. Let w(r) = -i(r) + 2*p(r). Let s = 9 - 11. What is the units digit of w(s)?
9
Suppose 0*v = -5*v + 4840. What is the units digit of v?
8
Let f = 335 - 200. Suppose f = 5*w - 2*s - 2*s, -w + 5*s + 27 = 0. Let g = -2 + w. What is the tens digit of g?
2
Suppose 0 = -2*n - 7*o + 2*o + 575, -4*n - 3*o = -1129. Let t = n + -163. What is the hundreds digit of t?
1
Suppose -2*g + 10 = 3*g. Suppose -4*q + g = -w - 2, w + 4 = 5*q. Suppose q = -s + 6*s - 10. What is the units digit of s?
2
What is the units digit of (1160/(-15))/((-4)/24) - 5?
9
Suppose -730 = -5*l - 5*f, 3*f - 9 = 3. What is the tens digit of (36 - l)*(-5)/2?
6
Suppose 1 = 4*s + 9. What is the units digit of ((-67)/s)/(13/52)?
4
Let l = -34 + 48. Suppose 9*s = l*s - 465. What is the units digit of s?
3
Let k = -2188 + 3261. What is the thousands digit of k?
1
Let z(n) = -n**2 - 1. Let b(f) = 3*f**2 + 7*f. Let y(w) = b(w) + 4*z(w). What is the units digit of y(4)?
8
Suppose 0 = -563*b + 578*b - 8400. What is the hundreds digit of b?
5
What is the tens digit of (-4)/6*19929/(-14)?
4
Let h be ((-46)/(-69))/((-2)/(-36)). Suppose -3*j + h = 2*d, -j - d + 1 + 4 = 0. What is the units digit of 3 + (2 - j - 0)?
3
Suppose -36*q = -14*q - 7744. What is the hundreds digit of q?
3
Let z(b) = 45*b - 15. What is the tens digit of z(41)?
3
Suppose 0*m - 14 = -2*m + 3*k, -3*m = -k - 21. What is the units digit of m?
7
Let i(f) = -f**3 - 2*f**2 - f + 147. What is the units digit of i(0)?
7
Let y(b) = b**3 - 6*b**2 - b + 2. Let c be y(6). Let m(p) = -p**3 - 3*p**2 + 3*p + 6. Let o be m(c). Let t = o - 3. What is the units digit of t?
7
Let o = 22 - 18. Let h(a) = -a**2 + 4*a + 1. Let b be h(o). What is the units digit of ((-2)/(-6))/(b/24)?
8
Let n(m) = -26*m - 77. What is the units digit of n(-5)?
3
Let a = 3318 + -896. What is the thousands digit of a?
2
Suppose 2 + 1 = y. Suppose -5*h + h + 101 = -3*a, 3*h + 3*a = 60. Let u = h - y. What is the units digit of u?
0
Let k be (10/(-5))/((-2)/74). Let j be (-2 + -1)*(-1 - 6). Suppose j + k = 5*p. What is the units digit of p?
9
Suppose 2*j = 3*f + 182 - 589, 0 = 5*f - j - 676. What is the hundreds digit of f?
1
Suppose 0 = 3*w + 41*w - 43340. What is the tens digit of w?
8
Let x(u) be the second derivative of 1/3*u**4 + 1/3*u**3 + 0 - 4*u + 0*u**2. What is the units digit of x(-2)?
2
Suppose -12 = 9*m - 6*m. Suppose -27 = -h - 7. What is the tens digit of (-10)/h - 46/m?
1
Suppose -25 = 5*n, -v - 5*n + 59 = -5*v. Let c be 7/v - 338/(-6). Let s = -38 + c. What is the tens digit of s?
1
Let r = 11197 - 2725. Let h be (-2)/(-3) + r/36. Suppose 10 + h = 3*a. What is the units digit of a?
2
Suppose -2*i + 12 = -i - 5*f, -i = f + 6. Let z be -1*(i + 3/1). Suppose -3*w = 5*y - 56, z = w - y - 12 + 4. What is the tens digit of w?
1
Let c(x) = x**2 + 33*x + 39. What is the tens digit of c(-62)?
3
Let d be 20/(2/(-7)*-7). Let v = d - -165. What is the units digit of v?
5
Suppose -4*c = 3*u - 2, -u - 2*u + 6 = 0. Let o be c/(-1 - (-1 - 1)). What is the units digit of o*(-7 + -1 + 1)?
7
Let d(w) = -33*w**2 - 1 - 2*w**2 + 2. Let y be d(-1). Let z = -5 - y. What is the tens digit of z?
2
Suppose -1888*j + 1890*j = 952. What is the hundreds digit of j?
4
Let o = 9 - -6. Let q = o + -8. What is the units digit of 3*11 - (-4 + q)?
0
Suppose 9 - 33 = 4*h